{"id":18,"date":"2025-04-13T17:54:08","date_gmt":"2025-04-13T14:54:08","guid":{"rendered":"https:\/\/milyonerslot.vip\/?page_id=18"},"modified":"2025-04-19T02:04:58","modified_gmt":"2025-04-18T23:04:58","slug":"ana-sayfa","status":"publish","type":"page","link":"https:\/\/milyonerslot.vip\/","title":{"rendered":"Anasayfa"},"content":{"rendered":"\n<div class=\"wp-block-cover alignfull is-light wp-duotone-unset-1\" style=\"min-height:720px;aspect-ratio:unset;\"><span aria-hidden=\"true\" class=\"wp-block-cover__background has-background-dim-100 has-background-dim has-background-gradient\" style=\"background:linear-gradient(35deg,rgb(6,0,151) 0%,rgb(130,4,255) 73%,rgb(193,15,255) 100%)\"><\/span><div class=\"wp-block-cover__inner-container is-layout-flow wp-block-cover-is-layout-flow\">\n<div class=\"inherit-container-width wp-block-group alignwide is-layout-constrained wp-block-group-is-layout-constrained\">\n<div class=\"wp-block-media-text alignwide has-media-on-the-right is-stacked-on-mobile is-vertically-aligned-center\" style=\"grid-template-columns:auto 40%\"><div class=\"wp-block-media-text__content\">\n<h1 class=\"wp-block-heading has-text-align-left has-white-color has-text-color\" id=\"h-milyonerslot-zoom-casino\"><a href=\"https:\/\/milyonerslot.vip\/\">Milyonerslot<\/a> Zoom Casino<\/h1>\n\n\n\n<p class=\"has-white-color has-text-color\">Milyonerslot ile heyecan verici oyun d\u00fcnyas\u0131na kat\u0131l\u0131n! S\u00fcrekli yenilenen platformumuz, 7 g\u00fcn 24 saat aral\u0131ks\u0131z hizmet, y\u00fcksek kazanma \u015fanslar\u0131 ve kullan\u0131c\u0131ya \u00f6zel tasarlanm\u0131\u015f aray\u00fcz\u00fcyle sizlere e\u011flenceli bir deneyim sunuyor. En sevilen slot oyunlar\u0131, h\u0131zl\u0131 \u00f6deme \u00e7\u00f6z\u00fcmleri ve g\u00fcvenli sistem altyap\u0131s\u0131yla fark\u0131n\u0131 ortaya koyuyor \u2013 sizi de bu d\u00fcnyaya davet ediyor!<\/p>\n\n\n\n<div class=\"wp-block-buttons is-layout-flex wp-block-buttons-is-layout-flex\">\n<div class=\"wp-block-button\"><a class=\"wp-block-button__link wp-element-button\" href=\"https:\/\/heylink.me\/k\u0131br\u0131szoom\/\" target=\"_blank\" rel=\"noopener\">ZOOM CAS\u0130NO&#8217;YA BA\u011eLAN<\/a><\/div>\n<\/div>\n<\/div><figure class=\"wp-block-media-text__media\"><img decoding=\"async\" src=\"https:\/\/lambadavip.org\/wp-content\/uploads\/2025\/04\/giris-lam-1024x1024.png\" alt=\"\" class=\"wp-image-20 size-full\"\/><\/figure><\/div>\n<\/div>\n<\/div><\/div>\n\n\n\n<div class=\"wp-block-group alignfull has-ast-global-color-5-background-color has-background is-layout-constrained wp-container-core-group-is-layout-9cedb757 wp-block-group-is-layout-constrained\" style=\"padding-bottom:0px\">\n<div class=\"wp-block-columns are-vertically-aligned-top is-layout-flex wp-container-core-columns-is-layout-00723822 wp-block-columns-is-layout-flex\">\n<div class=\"wp-block-column is-vertically-aligned-top is-layout-flow wp-container-core-column-is-layout-6b73ce23 wp-block-column-is-layout-flow\">\n<figure class=\"wp-block-image size-large\"><img decoding=\"async\" src=\"https:\/\/zoomcasinogiris.net\/wp-content\/themes\/astra\/inc\/assets\/images\/starter-content\/building.svg\" alt=\"\" class=\"wp-image-134\"\/><\/figure>\n\n\n\n<h3 class=\"wp-block-heading has-text-align-left\" id=\"h-vip\" style=\"margin-top:16px\">VIP<\/h3>\n\n\n\n<p class=\"has-text-align-left\">Milyonerslot ile se\u00e7kin d\u00fcnyaya hemen kat\u0131l\u0131n! Size \u00f6zel kampanyalarla ba\u015flang\u0131\u00e7 yap\u0131n, y\u00fcksek oranl\u0131 bonuslarla kazanc\u0131n\u0131z\u0131 b\u00fcy\u00fct\u00fcn ve ki\u015fisel hizmet ayr\u0131cal\u0131klar\u0131yla fark\u0131n\u0131z\u0131 yans\u0131t\u0131n. VIP \u00fcyelerimiz her zaman daha ayr\u0131cal\u0131kl\u0131, daha \u00f6ncelikli ve her ad\u0131mda rakiplerinden bir ad\u0131m ileride!<\/p>\n<\/div>\n\n\n\n<div class=\"wp-block-column is-vertically-aligned-top is-layout-flow wp-container-core-column-is-layout-6b73ce23 wp-block-column-is-layout-flow\">\n<figure class=\"wp-block-image size-large\"><img decoding=\"async\" src=\"https:\/\/zoomcasinogiris.net\/wp-content\/themes\/astra\/inc\/assets\/images\/starter-content\/shopping-bag.svg\" alt=\"\" class=\"wp-image-135\"\/><\/figure>\n\n\n\n<h3 class=\"wp-block-heading has-text-align-left\" id=\"h-online\" style=\"margin-top:16px\">ONL\u0130NE<\/h3>\n\n\n\n<p class=\"has-text-align-left\">Haftan\u0131n her g\u00fcn\u00fc, g\u00fcn\u00fcn her saati kesintisiz oyun heyecan\u0131 parmaklar\u0131n\u0131z\u0131n ucunda! \u0130ster mobil cihaz\u0131n\u0131zdan ister bilgisayar\u0131n\u0131zdan ba\u011flan\u0131n, diledi\u011finiz an oyuna kald\u0131\u011f\u0131n\u0131z yerden devam edin ve e\u011flencenin temposunu hi\u00e7 d\u00fc\u015f\u00fcrmeyin!<\/p>\n<\/div>\n\n\n\n<div class=\"wp-block-column is-vertically-aligned-top is-layout-flow wp-container-core-column-is-layout-6b73ce23 wp-block-column-is-layout-flow\">\n<figure class=\"wp-block-image size-large\"><img decoding=\"async\" src=\"https:\/\/zoomcasinogiris.net\/wp-content\/themes\/astra\/inc\/assets\/images\/starter-content\/blog.svg\" alt=\"\" class=\"wp-image-136\"\/><\/figure>\n\n\n\n<h3 class=\"wp-block-heading has-text-align-left\" id=\"h-temsilci\" style=\"margin-top:16px\">TEMS\u0130LC\u0130<\/h3>\n\n\n\n<p class=\"has-text-align-left\">Canl\u0131 destek ekibimiz her zaman hizmetinizde! Sorular\u0131n\u0131za h\u0131zl\u0131 geri d\u00f6n\u00fc\u015f yapan ve taleplerinize an\u0131nda \u00e7\u00f6z\u00fcm sunan profesyonel kadromuzla her ad\u0131mda kendinizi g\u00fcvende hissedin. An\u0131nda yan\u0131t, etkili \u00e7\u00f6z\u00fcmler ve tam memnuniyet garantisiyle fark\u0131 ya\u015famaya ba\u015flay\u0131n!<\/p>\n<\/div>\n\n\n\n<div class=\"wp-block-column is-vertically-aligned-top is-layout-flow wp-container-core-column-is-layout-6b73ce23 wp-block-column-is-layout-flow\">\n<figure class=\"wp-block-image size-large\"><img decoding=\"async\" src=\"https:\/\/zoomcasinogiris.net\/wp-content\/themes\/astra\/inc\/assets\/images\/starter-content\/portfolio.svg\" alt=\"\" class=\"wp-image-137\"\/><\/figure>\n\n\n\n<h3 class=\"wp-block-heading has-text-align-left\" id=\"h-bonus\" style=\"margin-top:16px\">BONUS<\/h3>\n\n\n\n<p class=\"has-text-align-left\">Kazanc\u0131n\u0131z\u0131 ikiye katlaman\u0131n tam zaman\u0131! Ho\u015f geldin bonusuyla oyuna giri\u015f yap\u0131n, yat\u0131r\u0131m f\u0131rsatlar\u0131yla gelirlerinizi h\u0131zla y\u00fckseltin ve s\u00fcrpriz hediyelerle dolu bonus d\u00fcnyas\u0131nda e\u011flencenin tad\u0131n\u0131 \u00e7\u0131kar\u0131n. Her ad\u0131mda daha fazla kazan\u00e7 ve yepyeni f\u0131rsatlar sizi bekliyor!<\/p>\n<\/div>\n<\/div>\n<\/div>\n\n\n\n<div class=\"wp-block-group alignfull is-layout-constrained wp-container-core-group-is-layout-45b0ac4f wp-block-group-is-layout-constrained\" id=\"services\" style=\"padding-top:144px;padding-bottom:0px\">\n<h2 class=\"wp-block-heading\" id=\"h-canli-slot-oyunlari\">CANLI SLOT OYUNLARI<\/h2>\n\n\n\n<div class=\"wp-block-columns is-layout-flex wp-container-core-columns-is-layout-60cbf9bb wp-block-columns-is-layout-flex\" style=\"margin-top:50px\">\n<div class=\"wp-block-column is-layout-flow wp-container-core-column-is-layout-6b73ce23 wp-block-column-is-layout-flow\">\n<figure class=\"wp-block-image size-full is-resized\"><img loading=\"lazy\" decoding=\"async\" width=\"912\" height=\"874\" src=\"https:\/\/milyonerslot.vip\/wp-content\/uploads\/2025\/04\/milyoner-login.png\" alt=\"\" class=\"wp-image-22\" style=\"width:333px;height:auto\" srcset=\"https:\/\/milyonerslot.vip\/wp-content\/uploads\/2025\/04\/milyoner-login.png 912w, https:\/\/milyonerslot.vip\/wp-content\/uploads\/2025\/04\/milyoner-login-300x288.png 300w, https:\/\/milyonerslot.vip\/wp-content\/uploads\/2025\/04\/milyoner-login-768x736.png 768w\" sizes=\"auto, (max-width: 912px) 100vw, 912px\" \/><\/figure>\n\n\n\n<p>\ud83c\udfa7 <strong>Milyonerslot Casino Destek<\/strong><\/p>\n\n\n\n<p>7\/24 hizmet veren uzman destek ekibimizle her zaman yan\u0131n\u0131zday\u0131z! Casino deneyiminiz s\u00fcresince, ihtiya\u00e7 duydu\u011funuz her an sorular\u0131n\u0131za yan\u0131t veren ve \u00e7\u00f6z\u00fcmler sunan profesyonel ekibimiz sayesinde, g\u00fcvenle ilerleyin. B\u00f6ylece her ad\u0131mda size e\u015flik eden destek ekibimiz, sorunlar\u0131n\u0131za an\u0131nda m\u00fcdahale ederek oyun keyfinizin kesintisiz devam etmesini sa\u011flar.<\/p>\n<\/div>\n\n\n\n<div class=\"wp-block-column is-layout-flow wp-container-core-column-is-layout-6b73ce23 wp-block-column-is-layout-flow\">\n<figure class=\"wp-block-image aligncenter size-full is-resized\"><img decoding=\"async\" src=\"https:\/\/724liveslots.xyz\/wp-content\/uploads\/2025\/04\/makine.png\" alt=\"\" class=\"wp-image-23\" style=\"width:229px;height:auto\"\/><\/figure>\n\n\n\n<h3 class=\"wp-block-heading\" id=\"h-milyonerslot-canli-oyun\" style=\"margin-top:16px\">\ud83c\udfb2Milyonerslot Canl\u0131 Oyun<\/h3>\n\n\n\n<p>Ger\u00e7ek krupiyeler e\u015fli\u011finde canl\u0131 heyecan\u0131n tam ortas\u0131nda olun! Canl\u0131 yay\u0131nlar sayesinde her an oyunun i\u00e7inde kal\u0131n, sanki ger\u00e7ek bir casinodaym\u0131\u015f gibi atmosferi hissedin ve kazan\u00e7lar\u0131n\u0131z\u0131 anl\u0131k olarak art\u0131r\u0131n. Nerede olursan\u0131z olun, her an e\u011flence ve aksiyon dolu bir deneyim sizi bekliyor!<\/p>\n<\/div>\n\n\n\n<div class=\"wp-block-column is-layout-flow wp-container-core-column-is-layout-6b73ce23 wp-block-column-is-layout-flow\">\n<figure class=\"wp-block-image size-full\"><img decoding=\"async\" src=\"https:\/\/lambadavip.org\/wp-content\/uploads\/2025\/04\/24731484-.jpg\" alt=\"\" class=\"wp-image-23\"\/><\/figure>\n\n\n\n<h3 class=\"wp-block-heading\" id=\"h-m-ilyonerslot-casino-avantaji\" style=\"margin-top:16px\">\ud83c\udfc6 <strong><a href=\"https:\/\/milyonerslot.com\/login\" target=\"_blank\" rel=\"noopener\">M<\/a>ilyonerslot<\/strong> Casino Avantaj\u0131<\/h3>\n\n\n\n<p>Y\u00fcksek kazan\u00e7 oranlar\u0131, kazanma \u015fans\u0131n\u0131z\u0131 artt\u0131r\u0131rken, \u00f6zel bonuslarla her an daha fazla \u00f6d\u00fcl kazanma f\u0131rsat\u0131 sunuyor. Ayr\u0131ca, s\u0131n\u0131rs\u0131z e\u011flence sizi bekliyor; her yeni oyunda daha fazla heyecan ve kazan\u00e7 sizi \u00e7a\u011f\u0131r\u0131yor!<\/p>\n<\/div>\n<\/div>\n<\/div>\n\n\n\n<div class=\"wp-block-group alignfull has-ast-global-color-5-background-color has-background is-layout-constrained wp-container-core-group-is-layout-94d206d0 wp-block-group-is-layout-constrained\" id=\"about\" style=\"padding-top:143px;padding-bottom:144px\">\n<div class=\"wp-block-media-text alignfull has-media-on-the-right is-stacked-on-mobile is-vertically-aligned-center\" style=\"grid-template-columns:auto 21%\"><div class=\"wp-block-media-text__content\">\n<div class=\"inherit-container-width wp-block-group is-layout-constrained wp-container-core-group-is-layout-47ce07ec wp-block-group-is-layout-constrained\" style=\"padding-right:80px\">\n<h2 class=\"wp-block-heading alignfull\" id=\"h-kibris-in-en-iyi-casinolari-kibris-zoom-slot-ta\" style=\"padding-right:40px\">K\u0131br\u0131s\u2019\u0131n En \u0130yi Casinolar\u0131 K\u0131br\u0131s Zoom Slot&#8217;ta!<\/h2>\n\n\n\n<p><a href=\"https:\/\/heylink.me\/k\u0131br\u0131szoom\/\" target=\"_blank\" rel=\"noopener\">Zoom Casino<\/a>, \u00f6zellikle K\u0131br\u0131s\u2019\u0131n en prestijli casino otellerini bir araya getiriyor. Ayr\u0131ca, masa oyunlar\u0131nda her seviyeye uygun se\u00e7enekler sunarak, en g\u00fcncel promosyonlarla kullan\u0131c\u0131lar\u0131na s\u00fcrekli yeni f\u0131rsatlar sunuyor. T\u00fcm bu \u00f6zellikleri tek bir platformda bulu\u015fturan bu modern casino rehberi, her an heyecan\u0131 ve avantajlar\u0131 size getiriyor!<br>K\u0131br\u0131s casinolar\u0131 hakk\u0131nda arad\u0131\u011f\u0131n\u0131z her \u015fey burada sizi bekliyor:<\/p>\n\n\n\n<ul class=\"wp-block-list\">\n<li>\ud83d\udccd En \u00e7ok tercih edilen kumarhaneler<\/li>\n\n\n\n<li>\ud83c\udfb0 Slot ve masa oyunlar\u0131 \u00e7e\u015fitlili\u011fi<\/li>\n\n\n\n<li>\ud83d\udcbc Uzman kadro ile hizmet veren casino otelleri<\/li>\n\n\n\n<li>\ud83d\udece\ufe0f VIP hizmet, transfer ve konaklama imkanlar\u0131<\/li>\n<\/ul>\n\n\n\n<p>\ud83d\udc49 Art\u0131k K\u0131br\u0131s casinolar\u0131na gitmeden \u00f6nce t\u00fcm bilgilere <a href=\"http:\/\/kibriszoomslot.com\/\" target=\"_blank\" rel=\"noopener\"><strong>K\u0131br\u0131s Zoom Slot<\/strong><\/a> \u00fczerinden kolayca ula\u015fabilirsin!<\/p>\n<\/div>\n<\/div><figure class=\"wp-block-media-text__media\"><img decoding=\"async\" src=\"https:\/\/724liveslots.xyz\/wp-content\/uploads\/2025\/04\/logo.png\" alt=\"\" class=\"wp-image-25 size-full\"\/><\/figure><\/div>\n<\/div>\n\n\n\n<div class=\"wp-block-group alignfull has-ast-global-color-4-background-color has-background is-layout-constrained wp-container-core-group-is-layout-6a2cfb7b wp-block-group-is-layout-constrained\" id=\"reviews\">\n<h2 class=\"wp-block-heading has-text-align-center\" id=\"h-zoom-casino-neden-farkli\" style=\"font-size:22px\"><strong>Zoom Casino Neden Farkl\u0131?<\/strong><\/h2>\n\n\n\n<p><strong>E\u015fsiz Bilgi Derinli\u011fi:<\/strong> Her casino i\u00e7in \u00f6zel olarak haz\u0131rlanm\u0131\u015f i\u00e7erikler, ger\u00e7ek kullan\u0131c\u0131 yorumlar\u0131 ve g\u00fcncel veriler.<\/p>\n\n\n\n<p><strong>Mobil Uyumlu ve H\u0131zl\u0131:<\/strong> Nerede olursan ol, telefonunla casinolar\u0131 kolayca ke\u015ffet.<\/p>\n\n\n\n<p><strong>Do\u011frudan \u0130leti\u015fim:<\/strong> Oynamaya karar verdi\u011finde, tek t\u0131kla casino ile ba\u011flant\u0131ya ge\u00e7.<\/p>\n\n\n\n<p><strong>Sorumlu Oyun Anlay\u0131\u015f\u0131:<\/strong> G\u00fcvenli ve etik oyun ilkesine destek veriyoruz.<\/p>\n\n\n\n<p><\/p>\n\n\n\n<p class=\"has-text-align-center\"><a href=\"https:\/\/www.kibriszoomslot.com\/\" data-type=\"link\" data-id=\"https:\/\/www.kibriszoomslot.com\/\" target=\"_blank\" rel=\"noopener\">k\u0131br\u0131s zoom slot<\/a><\/p>\n<\/div>\n\n\n\n<div class=\"wp-block-group alignfull is-layout-constrained wp-container-core-group-is-layout-3fee123f wp-block-group-is-layout-constrained\" id=\"whyus\" style=\"padding-top:144px;padding-bottom:144px\">\n<h2 class=\"wp-block-heading\" id=\"h-neden-biz\">NEDEN B\u0130Z?<\/h2>\n\n\n\n<div class=\"wp-block-columns is-layout-flex wp-container-core-columns-is-layout-29aadeec wp-block-columns-is-layout-flex\" style=\"margin-top:60px\">\n<div class=\"wp-block-column is-layout-flow wp-container-core-column-is-layout-6b73ce23 wp-block-column-is-layout-flow\">\n<figure class=\"wp-block-image size-large\"><img decoding=\"async\" src=\"https:\/\/zoomcasinogiris.net\/wp-content\/themes\/astra\/inc\/assets\/images\/starter-content\/passionate.svg\" alt=\"\" class=\"wp-image-162\"\/><\/figure>\n\n\n\n<h3 class=\"wp-block-heading\" id=\"h-kayit\" style=\"margin-top:16px\">\u2705 Kay\u0131t<\/h3>\n\n\n\n<p>Hemen kaydol, avantajlarla dolu oyun d\u00fcnyas\u0131na ad\u0131m at ve kazan\u00e7 f\u0131rsatlar\u0131n\u0131 de\u011ferlendirmeye ba\u015fla! Kay\u0131t i\u015flemini birka\u00e7 saniye i\u00e7inde tamamla, sonra hemen e\u011flenceye kat\u0131l ve heyecan\u0131n tad\u0131n\u0131 \u00e7\u0131kar. Her \u015fey sadece bir t\u0131k \u00f6tenizde!<\/p>\n<\/div>\n\n\n\n<div class=\"wp-block-column is-layout-flow wp-container-core-column-is-layout-6b73ce23 wp-block-column-is-layout-flow\">\n<figure class=\"wp-block-image size-large\"><img decoding=\"async\" src=\"https:\/\/zoomcasinogiris.net\/wp-content\/themes\/astra\/inc\/assets\/images\/starter-content\/professional.svg\" alt=\"\" class=\"wp-image-163\"\/><\/figure>\n\n\n\n<h3 class=\"wp-block-heading\" id=\"h-aninda-cekim\" style=\"margin-top:16px\">\ud83d\udcb8 An\u0131nda \u00c7ekim<\/h3>\n\n\n\n<p>An\u0131nda \u00c7ekim \u00f6zelli\u011fi sayesinde kazan\u00e7lar\u0131n\u0131z h\u0131zla ve kolayca hesab\u0131n\u0131za yans\u0131r. Bunun yan\u0131nda bekleme s\u00fcresi olmadan, kazanc\u0131n\u0131za g\u00fcvenle ve an\u0131nda eri\u015febilir, diledi\u011finiz zaman rahatl\u0131kla \u00e7ekim yapabilirsiniz!<\/p>\n<\/div>\n\n\n\n<div class=\"wp-block-column is-layout-flow wp-container-core-column-is-layout-6b73ce23 wp-block-column-is-layout-flow\">\n<figure class=\"wp-block-image size-large\"><img decoding=\"async\" src=\"https:\/\/zoomcasinogiris.net\/wp-content\/themes\/astra\/inc\/assets\/images\/starter-content\/support.svg\" alt=\"\" class=\"wp-image-164\"\/><\/figure>\n\n\n\n<h3 class=\"wp-block-heading\" id=\"h-7-24-online-oyun\" style=\"margin-top:16px\">\ud83c\udfae 7\/24 Online Oyun<\/h3>\n\n\n\n<p>Kazanc\u0131n\u0131 erteleme! K\u0131br\u0131s Zoom Slot\u2019ta \u00e7ekim i\u015flemleri h\u0131zl\u0131, g\u00fcvenli ve kesintisiz \u015fekilde yap\u0131l\u0131r. Paran an\u0131nda hesab\u0131na aktar\u0131l\u0131r, b\u00f6ylece beklemekle u\u011fra\u015fmazs\u0131n! Her an, her saati s\u0131n\u0131rs\u0131z e\u011flence seni bekliyor. \u00dcstelik K\u0131br\u0131s Zoom Slot\u2019ta 7\/24 online oyun keyfi her zaman seninle!<\/p>\n<\/div>\n<\/div>\n<\/div>\n\n\n\n<div class=\"wp-block-group alignfull has-background is-layout-constrained wp-container-core-group-is-layout-cfcca693 wp-block-group-is-layout-constrained\" id=\"contact\" style=\"background:linear-gradient(35deg,rgb(6,0,151) 0%,rgb(130,4,255) 64%,rgb(193,15,255) 98%);padding-top:104px;padding-bottom:104px\">\n<h2 class=\"wp-block-heading has-text-align-center has-text-color\" id=\"h-kibris-zoom-slot\" style=\"color:#ffffff\">KIBRIS ZOOM SLOT<\/h2>\n\n\n\n<h2 class=\"wp-block-heading has-text-align-center has-text-color\" id=\"h-hemen-basla-eglenceye-zoom-la-yaklas\" style=\"color:#ffffff\">\ud83d\udcde Hemen Ba\u015fla \u2013 E\u011flenceye Zoom\u2019la Yakla\u015f!<\/h2>\n\n\n\n<div class=\"wp-block-buttons alignwide is-horizontal is-content-justification-center is-layout-flex wp-container-core-buttons-is-layout-bba8380a wp-block-buttons-is-layout-flex\" style=\"margin-top:50px\">\n<div class=\"wp-block-button\"><a class=\"wp-block-button__link wp-element-button\" href=\"https:\/\/heylink.me\/k\u0131br\u0131szoom\/\" target=\"_blank\" rel=\"noopener\">ZOOM CAS\u0130NO&#8217;YA BA\u011eLAN<\/a><\/div>\n<\/div>\n<\/div>\n\n\n\n<div class=\"wp-block-group alignfull has-ast-global-color-4-background-color has-background is-layout-constrained wp-container-core-group-is-layout-6a2cfb7b wp-block-group-is-layout-constrained\" id=\"reviews\">\n<h2 class=\"wp-block-heading has-text-align-center\" id=\"h-sadece-oyun-degil-bir-deneyim-sunuyoruz\" style=\"font-size:22px\">\ud83e\udde0 Sadece Oyun De\u011fil, Bir Deneyim Sunuyoruz!<\/h2>\n\n\n\n<p>K\u0131br\u0131s Zoom Slot, yaln\u0131zca bir listeleme platformu olman\u0131n \u00f6tesine ge\u00e7er. Kullan\u0131c\u0131lara se\u00e7im yapma \u00f6zg\u00fcrl\u00fc\u011f\u00fc ve do\u011fru kararlar alabilme deste\u011fi sunar. Kumarhane d\u00fcnyas\u0131na ad\u0131m atmay\u0131 planlayanlar i\u00e7in:<\/p>\n\n\n\n<p>\ud83c\udf93 Casino Rehber Makaleleri<\/p>\n\n\n\n<p>\ud83d\udcc5 G\u00fcnl\u00fck Etkinlik Takvimi<\/p>\n\n\n\n<p>\ud83d\udcac 7\/24 Canl\u0131 Destek ile bilgi hizmeti<\/p>\n\n\n\n<p>\ud83c\udf81 Kampanyalar ve Bonus F\u0131rsatlar\u0131<\/p>\n\n\n\n<p>\ud83d\udce2 K\u0131br\u0131s\u2019ta casino deneyiminizi en \u00fcst seviyeye ta\u015f\u0131mak i\u00e7in KIBRIS ZOOM SLOT\u2019u takip etmeye devam edin!<\/p>\n\n\n\n<p class=\"has-text-align-center\"><strong><a href=\"https:\/\/www.kibriszoomslot.com\/\" data-type=\"link\" data-id=\"https:\/\/www.kibriszoomslot.com\/\" target=\"_blank\" rel=\"noopener\">KIBRIS ZOOM SLOT<\/a><\/strong><\/p>\n<\/div>\n","protected":false},"excerpt":{"rendered":"<p>VIP Milyonerslot ile se\u00e7kin d\u00fcnyaya hemen kat\u0131l\u0131n! Size \u00f6zel kampanyalarla ba\u015flang\u0131\u00e7 yap\u0131n, y\u00fcksek oranl\u0131 bonuslarla kazanc\u0131n\u0131z\u0131 b\u00fcy\u00fct\u00fcn ve ki\u015fisel hizmet [&hellip;]<\/p>\n","protected":false},"author":1,"featured_media":21,"parent":0,"menu_order":0,"comment_status":"closed","ping_status":"closed","template":"","meta":{"site-sidebar-layout":"default","site-content-layout":"","ast-site-content-layout":"","site-content-style":"default","site-sidebar-style":"default","ast-global-header-display":"","ast-banner-title-visibility":"","ast-main-header-display":"","ast-hfb-above-header-display":"","ast-hfb-below-header-display":"","ast-hfb-mobile-header-display":"","site-post-title":"disabled","ast-breadcrumbs-content":"","ast-featured-img":"disabled","footer-sml-layout":"","theme-transparent-header-meta":"","adv-header-id-meta":"","stick-header-meta":"","header-above-stick-meta":"","header-main-stick-meta":"","header-below-stick-meta":"","astra-migrate-meta-layouts":"default","ast-page-background-enabled":"default","ast-page-background-meta":{"desktop":{"background-color":"var(--ast-global-color-5)","background-image":"","background-repeat":"repeat","background-position":"center center","background-size":"auto","background-attachment":"scroll","background-type":"","background-media":"","overlay-type":"","overlay-color":"","overlay-opacity":"","overlay-gradient":""},"tablet":{"background-color":"","background-image":"","background-repeat":"repeat","background-position":"center center","background-size":"auto","background-attachment":"scroll","background-type":"","background-media":"","overlay-type":"","overlay-color":"","overlay-opacity":"","overlay-gradient":""},"mobile":{"background-color":"","background-image":"","background-repeat":"repeat","background-position":"center center","background-size":"auto","background-attachment":"scroll","background-type":"","background-media":"","overlay-type":"","overlay-color":"","overlay-opacity":"","overlay-gradient":""}},"ast-content-background-meta":{"desktop":{"background-color":"var(--ast-global-color-4)","background-image":"","background-repeat":"repeat","background-position":"center center","background-size":"auto","background-attachment":"scroll","background-type":"","background-media":"","overlay-type":"","overlay-color":"","overlay-opacity":"","overlay-gradient":""},"tablet":{"background-color":"var(--ast-global-color-4)","background-image":"","background-repeat":"repeat","background-position":"center center","background-size":"auto","background-attachment":"scroll","background-type":"","background-media":"","overlay-type":"","overlay-color":"","overlay-opacity":"","overlay-gradient":""},"mobile":{"background-color":"var(--ast-global-color-4)","background-image":"","background-repeat":"repeat","background-position":"center center","background-size":"auto","background-attachment":"scroll","background-type":"","background-media":"","overlay-type":"","overlay-color":"","overlay-opacity":"","overlay-gradient":""}},"footnotes":""},"class_list":["post-18","page","type-page","status-publish","has-post-thumbnail","hentry"],"amp_enabled":false,"_links":{"self":[{"href":"https:\/\/milyonerslot.vip\/index.php\/wp-json\/wp\/v2\/pages\/18","targetHints":{"allow":["GET"]}}],"collection":[{"href":"https:\/\/milyonerslot.vip\/index.php\/wp-json\/wp\/v2\/pages"}],"about":[{"href":"https:\/\/milyonerslot.vip\/index.php\/wp-json\/wp\/v2\/types\/page"}],"author":[{"embeddable":true,"href":"https:\/\/milyonerslot.vip\/index.php\/wp-json\/wp\/v2\/users\/1"}],"replies":[{"embeddable":true,"href":"https:\/\/milyonerslot.vip\/index.php\/wp-json\/wp\/v2\/comments?post=18"}],"version-history":[{"count":2,"href":"https:\/\/milyonerslot.vip\/index.php\/wp-json\/wp\/v2\/pages\/18\/revisions"}],"predecessor-version":[{"id":40,"href":"https:\/\/milyonerslot.vip\/index.php\/wp-json\/wp\/v2\/pages\/18\/revisions\/40"}],"wp:featuredmedia":[{"embeddable":true,"href":"https:\/\/milyonerslot.vip\/index.php\/wp-json\/wp\/v2\/media\/21"}],"wp:attachment":[{"href":"https:\/\/milyonerslot.vip\/index.php\/wp-json\/wp\/v2\/media?parent=18"}],"curies":[{"name":"wp","href":"https:\/\/api.w.org\/{rel}","templated":true}]}}